-3))/(-1))*-3. Let y(d) = -2*d. Let i be y(1). Let w(f) = 3*f. Let q(r) = -7*r + 1. Let o(t) = i*q(t) - 5*w(t). Calculate o(s).
0
Let o(t) = 5*t - 7. Let u(x) = -4*x + 6. Let l(s) = -s**3 - 6*s**2 + 6*s - 7. Let p be l(-7). Suppose 18 = 3*n - p. Let q(d) = n*u(d) + 5*o(d). Determine q(-3).
-2
Let q(t) = -t**3 - 10*t**2. Let b be q(-10). Let h(j) be the third derivative of j**6/120 + j**4/24 - j**3/2 - 21*j**2. What is h(b)?
-3
Let z(l) = -113*l - 672. Let n be z(-6). Let h(o) = -o**2 + 5*o + 7. Give h(n).
1
Let x = -18 + 2. Let w = x - -20. Let u(f) be the second derivative of f**5/20 - f**4/6 - 7*f**3/6 + 3*f**2 - 2*f. Determine u(w).
10
Let o = 2301 - 2314. Let t(k) = 3*k + 42. Calculate t(o).
3
Let t(i) = -5*i + 12. Let f(y) = 84*y - 194. Let b = 2 + 12. Let k(o) = -17*o + 39. Let j(u) = b*k(u) + 3*f(u). Let s(l) = 4*j(l) + 11*t(l). What is s(5)?
-7
Let c(q) = -q**2 + 3. Let s be ((-2)/(-8))/((-1)/(-12)). Let l(z) = 3 - 4*z + 2*z**2 - 2*z + 2*z**2 - z**3 + s*z**2. Let x be l(6). What is c(x)?
-6
Let i(n) = -1 + 10 - n - 9*n. Let o(c) = 5*c - 4. Let q(v) = 6*i(v) + 13*o(v). Let r be -1 - (-2 + 6) - (3 + -6). Determine q(r).
-8
Let s be 1 + (2 - 1)/1. Let b(t) be the second derivative of t**3/3 + t**2/2 - 5*t - 6. What is b(s)?
5
Suppose 6 = 4*h - 10. Suppose 0 = -h*q - 8 - 4. Let n(a) be the first derivative of 2*a**3/3 + 3*a**2/2 - 3*a - 109. Calculate n(q).
6
Suppose 0*v + 8 = 4*h + 5*v, 2*v - 2 = -2*h. Let b(d) = 4*d**2 + 6*d - 3. Let f(c) = -6*c**2 - 9*c + 5. Let n(z) = 7*b(z) + 5*f(z). What is n(h)?
-5
Let q(f) = -f**2 - 15*f + 24. Let m be (0 + 1)/(3 - (-245)/(-80)). Let w be q(m). Let l(b) = -b**2 + 9*b - 8. Calculate l(w).
0
Let n(t) = -34*t + 9*t + 14*t + 12*t + 11. What is n(-5)?
6
Let l = 52 + -49. Let w(a) = -a**2 - a + 1. Let k(n) = -2*n**2 - 14*n + 9. Let j(q) = l*w(q) - k(q). Give j(10).
4
Let m = -1313 + 1321. Let y(z) = -8*z + z**3 + 0*z**2 - 7*z**2 + 0 + 1. Calculate y(m).
1
Let a be -4*((-9)/2 - -3). Let f(u) = -9 + a - u**2 - 3*u**2 + 2*u + 4. Calculate f(-2).
-19
Let p(z) = -2*z + 2*z**2 - 2 + 2*z**3 - 4*z**3 + 3. Let x be 0 - (1113/(-18) + (-2)/12). Let l = x - 61. Determine p(l).
-1
Let g = 4 - -11. Let y = g - 14. Let p(v) = -y - 5*v + 3*v + 3*v. Calculate p(-2).
-3
Let h(i) be the first derivative of i**2/2 - 17*i + 327. Determine h(4).
-13
Let g(w) = w**2 - 8*w + 3. Suppose -2*y - 5*r + 18 = -y, 4*y - 24 = -4*r. Suppose -11*u + y*u + 48 = 0. Determine g(u).
-9
Let b(u) = -u**2 + 4*u + u**3 - 2*u**3 - 5*u - 3 + 5. Let f be b(0). Let q(s) = 2*s - 3. Determine q(f).
1
Let p(g) be the third derivative of -g**7/2520 - g**6/180 + g**5/30 - g**4/12 + 2*g**3/3 - 44*g**2. Let x(y) be the second derivative of p(y). Give x(-5).
-1
Suppose 26 = 12*i - 44 - 26. Let f(p) = -p**2 + 9*p + 0 - 5 - 4. Determine f(i).
-1
Suppose -4*g - n + 6 = -2*g, 5*n = g + 19. Let f(m) = -2*m + 9*m + 6*m**3 - g - 6*m + m**2. What is f(1)?
7
Let n(j) = -25 + 15*j - 2*j + 1. Let w(f) = 7*f - 13. Let i(u) = 6*n(u) - 11*w(u). Let g be (4/(-6))/(2/6). Determine i(g).
-3
Suppose 0*a - 10 = 5*a. Let f(n) = -3*n - 2. Let q be f(a). Let i(w) = -5 + 2*w + q + 3. What is i(-3)?
-4
Let d(q) = -14*q - 17. Let k(n) = 5*n + 6. Let s(a) = -4*d(a) - 11*k(a). Let j be 81/(-8) - (-19)/152. Let z be j + 12 + (1 - 0). Give s(z).
5
Let b(g) be the third derivative of g**4/8 + 7*g**3/3 + 54*g**2. Give b(-6).
-4
Let l(i) = -2 + i**2 + 5*i + i + 9. Let t be ((-18)/(-90))/((-2)/50). Calculate l(t).
2
Let m = 51 + -35. Let b = -10 + m. Let g(u) = -2*u - 9 + 6*u - u**2 + 7*u - 4*u. What is g(b)?
-3
Suppose -8*g - 4*x - 68 = -4*g, -4*g - 62 = 2*x. Let u = -18 - g. Let k(j) = -2*j - 6. Calculate k(u).
2
Let c(b) = 12330*b - 13*b**3 - b**2 + 0*b**2 - 12331*b. Calculate c(-1).
13
Suppose -4*f - n = -13, n + 23 = -f + 6*n. Let l(o) = o**f + 1 + o - o**3 + 0*o**2 + 0*o**3. Suppose 3*b + 12 = 6 + 3. Determine l(b).
2
Let l(x) = -x**2 - 13*x - 8. Let t(i) = i**2 + 12*i + 8. Let m(h) = 5*h + 10. Let n be m(-3). Let u(b) = n*t(b) - 4*l(b). Calculate u(-7).
-1
Let p be (0 - 1) + (1 - -2). Let s(n) = -6*n - p*n + 7*n - 3. Suppose 28 = -3*f - 5*u + u, 0 = -5*f + 4*u - 4. Give s(f).
1
Let d(n) = -4*n - n**3 - 7*n + 6204 - 6210 - 12*n**2. Suppose -6 = -5*s - 61. Calculate d(s).
-6
Let v(m) = m + 18 + 3*m + 3*m + 4*m. Give v(-4).
-26
Let t(c) = c - 2*c + 3*c + 7 - 3. Let w(s) = -s - 2. Let v(f) = 3*t(f) + 5*w(f). Let h = 14 - 8. Determine v(h).
8
Let v(b) = b**3 - 7*b**2 - 7*b - 15. Let x = 1615 + -1607. Determine v(x).
-7
Suppose -3*l - 2*l - 10 = 0. Let a(m) be the third derivative of -m**5/24 - m**4/8 + 2*m**3 - 8*m**2. Let y(z) be the first derivative of a(z). Calculate y(l).
7
Let v(y) be the second derivative of y**7/2520 - y**6/360 - y**5/40 - y**4/12 + 16*y. Let q(f) be the third derivative of v(f). Determine q(-2).
5
Let r = -88 + 80. Let o(d) = -3*d - 2*d**2 + d**2 - 5 - 6*d. Calculate o(r).
3
Suppose 2*l = -2*l - 12. Let z(s) = 29*s + 4. Let a(i) = 66*i + 8. Let c(o) = -4*a(o) + 9*z(o). Determine c(l).
13
Suppose 25 = -17*v + 12*v + 3*d, 2*v + 2*d - 6 = 0. Let t(j) = j + 6. Let o be t(-5). Let y(z) = 7*z + o + 3*z - 5*z. Determine y(v).
-9
Let o(h) = h**3 - 13*h**2 + 13*h - 9. Let t be o(12). Let b be 2*((-18)/(-4) - 4). Let l(k) = b + 2*k + 100*k**t - 99*k**3 - 2*k + 7*k**2. Give l(-7).
1
Let r(u) = -2*u + 3. Let f(j) = 2*j**3 + 5*j**2 + 3*j - 2. Let s be f(-3). Suppose -2*p + 2632 = 2582. Let i = s + p. Give r(i).
-7
Let w be (-2)/(-5)*-1*5. Let z(l) be the second derivative of 1/20*l**5 + l**2 - l + 1/6*l**3 + 0*l**4 - 5. Give z(w).
-8
Let c(q) = q**3 - 3*q**2 + q + 4. Let o be c(2). Let m(t) = -2*t + 5 - 2*t**2 - 4 + 3*t**o + 6*t. Calculate m(-5).
6
Let c(o) = 9*o + 180. Let i be c(-20). Let k(w) be the third derivative of 8*w**2 + 1/2*w**3 - 1/60*w**5 + 0*w**4 + 0*w + i. Determine k(-4).
-13
Let d(r) be the third derivative of r**6/120 + r**3/3 + r**2. Let w(u) = -u**2 - 8*u + 82. Let v be w(-14). Determine d(v).
-6
Let v(p) = 3*p + 14. Let q = 469 + -476. Calculate v(q).
-7
Let x(v) = -7 - 21*v + 3*v**2 + 14*v - 4*v**2. Let n be -3 - -7 - (-30)/2. Suppose -5 + n = -2*q. What is x(q)?
-7
Let s be (4/(-3))/((-2)/(-9)). Let d be (3 - s/2)/1. Let v(y) = -d - 3 + 3 + y + 0*y. Calculate v(0).
-6
Let b(j) be the first derivative of -j**5/60 + 7*j**4/24 - j**3/2 - 31*j**2/2 - 11. Let g(l) be the second derivative of b(l). Give g(3).
9
Let j(i) = i**3 - 8*i**2 - 6*i - 9. Let t(d) = 3*d - 24. Let c be t(11). Give j(c).
18
Let g(a) = a**2 - 20*a - 5. Let f be g(22). Let z(s) = -10 - 15 + 4*s + f - 12. Determine z(-5).
-18
Let c(v) = v**3 + 6*v**2 - 9*v - 9. Let h = 8 + -2. Let f be (0 + -1)/(h/42). Calculate c(f).
5
Let f = -2216 - -2221. Let d(w) = -7*w + 28. Determine d(f).
-7
Let m be ((-2)/2)/(-1) - 3. Let z(l) = 751*l**2 - 3*l - 753*l**2 + 4*l + 0*l + 2. Calculate z(m).
-8
Suppose c + 2*o = -1, 3*c - 4*o = -7*o. Let s(b) = -26*b - 1. Calculate s(c).
-27
Let h(s) = 8*s - 1. Suppose 11 = 2*l - 3*y, 7*l - 10*l + 4*y + 15 = 0. What is h(l)?
7
Let m = 1 + -1. Let l be 8/(-10)*10*6/(-24). Let k(p) = -p - p**l - 3*p**3 - p**3 + m*p**2 + 0*p**2. Give k(-1).
4
Let u(d) be the first derivative of d**4/2 - 2*d**3/3 - d**2/2 - 2*d + 8. Suppose -9*t - 2 = -8*t. Let m be (t/4)/((-3)/12). Determine u(m).
4
Let n be ((-32)/24)/(6/9). Let m(x) = 5*x**2 + 3*x. What is m(n)?
14
Suppose 0 = 2*t + 6, 5*x - 24*t = -22*t + 31. Let a(p) be the second derivative of 0 + 1/6*p**3 + p - 5/2*p**2. Give a(x).
0
Let k(i) = 2*i + 1. Let f(d) = -2*d - 2. Let r(m) = -4*f(m) - 5*k(m). Let n(g) = -2*g + 4. Let y(l) = -2*n(l) + 3*r(l). Give y(4).
-7
Let j(r) = -12 + 2*r + 14*r**2 - 18*r**2 + 8*r + r**3 - 5*r**2. Give j(8).
4
Suppose -2*g + 5*g + 9 = 0. Let o(r) = 2*r**2 + 4*r - 8. Let f be o(g). Let l(c) = 3*c + 21. Let t(i) = -i - 5. Let a(u) = 2*l(u) + 9*t(u). Give a(f).
3
Suppose -2*f = t - 9, 0*f = -t + 2*f - 11. Let o(h) = 18*h + 1. Calculate o(t).
-17
Let k(v) be the first derivative of -v**3/3 + 5. Let p(g) = -g**2 - 10*g + 1. Let n(o) = -2*k(o) + p(o). What is n(8)?
-15
Let r(a) = a**2 - 7*a + 0*a**2 - a + 2. Let f(i) = -i**2 - 11*i - 16. Let h be f(-3). What is r(h)?
2
Let d(w) = -5 + 15*w - 27*w + 18*w. Give d(-5).
-35
Suppose -8*m + 41*m + 30 = 27*m. Let h(o) = -3*o**3 + 2*o**2 + 9*o - 5. Let s(d) = -